 be 327*6/(-18)*(5 + -4). Let s = 107 + a. What is w(s)?
-13
Suppose 121*t = 25 + 217. Let b(o) be the first derivative of o**3 - o - 9 + 1/2*o**t - 1/4*o**4. What is b(3)?
2
Let h(u) = 55*u**2 - 11*u - 4. Let a(f) = -42*f**2 + 11*f + 5. Let m(w) = 4*a(w) + 3*h(w). Determine m(6).
-34
Let w = 214 - 206. Let d be 1/((-2)/w*4/3). Let o(h) = -4*h + 1. Calculate o(d).
13
Let f(m) be the first derivative of m**4/4 + 4*m**3/3 - 11*m**2/2 - 6*m - 2833. Determine f(-7).
-76
Let z(g) be the third derivative of -g**5/20 - 23*g**4/24 + 31*g**3/6 + 1181*g**2. Give z(-9).
-5
Let v = 236 + -239. Let c(y) be the third derivative of -y**5/30 - y**3/2 + 207*y**2. What is c(v)?
-21
Let x(i) be the second derivative of -i**5/20 - i**4 - 5*i**3/3 + i**2/2 + 10*i + 31. Let v be (-201)/18 + 2/(14 + -2). What is x(v)?
-10
Let d(b) be the third derivative of b**5/60 - 13*b**4/12 + 53*b**3/3 - b**2 + 8*b - 220. Calculate d(4).
18
Let x(t) be the first derivative of -6*t**2 + 3. Suppose -3*h + 3 = -0*h - 5*p, 5*h = -3*p + 39. Suppose -5*g + 1 - h = 0. Give x(g).
12
Let p(u) = u**2 - 4*u. Let a = -85 + 87. Suppose 0 = -3*n - 14*s + 12*s + a, 2*n = 3*s + 23. Determine p(n).
0
Let w(x) = 0 - 1446*x - x**2 + 1444*x + 0 + 4. Calculate w(3).
-11
Suppose 3*n + 117 = -101*n + 741. Let p(c) = 29*c - 178. Calculate p(n).
-4
Let s(o) = 6*o**2 - 13612*o - o**3 + 20 + 13606*o + 13. What is s(6)?
-3
Let p(j) = -j + 1. Let u(c) = -2*c**2 - 85*c + 45. Let t(d) = 4*p(d) - u(d). Give t(-41).
0
Let h = -11 + 17. Let a(b) be the first derivative of b**4/4 - 8*b**3/3 + 3*b**2 - 6*b + 3333. Determine a(h).
-42
Let z(g) be the first derivative of -7/2*g**2 - 3*g - 1/3*g**3 + 176. What is z(-6)?
3
Suppose 0 = u + 4*v - 36, -2*u = 19*v - 14*v - 54. Let i(g) = -g**3 + 11*g**2 + 12*g - 2. Determine i(u).
-2
Suppose p = 3, 5*t + 0*p - 27 = p. Suppose 23*v - 22 = 12*v. Let j(b) = -849 - b**2 + 0*b**v + 6*b + 850. Give j(t).
1
Let l(p) = 13*p - 360. Let b(h) = 63*h - 1792. Let n(x) = 3*b(x) - 14*l(x). What is n(48)?
0
Let h(s) = -39 - 701*s**2 + 71 + 345*s**2 + 3*s + 349*s**2 - 36. Determine h(2).
-26
Let g(p) be the second derivative of -p**4/12 - 2*p**3/3 + 7*p**2 - 4281*p. Determine g(-5).
9
Let s(o) be the first derivative of o**4/4 - 4*o**3 - 13*o**2/2 - 8*o - 4007. Calculate s(13).
-8
Suppose 0 = -67*h - 0*h - 21*h + 704. Let i(z) = z**3 - 8*z**2 - 4*z + 36. Calculate i(h).
4
Let r(p) = 4 + 12*p + 10260859*p**2 + 0*p - 10260856*p**2. Calculate r(-2).
-8
Let v(p) = -p + 10. Suppose -6*h + 9*h + 9 = 0. Let r be 16/(-4) + 7*h/(-3). Suppose -r*o + 0*u = 5*u - 28, 0 = -o + u + 4. Determine v(o).
4
Let n(a) = -2*a + a**2 - 3 + 0 + 33*a**3 + a**2 - 37*a**3. What is n(-1)?
5
Suppose -p = -3*p - 2. Let h(w) be the second derivative of -w**4/12 + w**3/6 + w**2 + 4*w + 2702. Give h(p).
0
Let c(o) be the third derivative of o**4/8 - 14*o**2 + 100. Suppose -3*j + 5 = -1. Suppose j*x = -0 + 2. What is c(x)?
3
Let l(w) = 6*w + 66. Let q(c) = c + 13. Let d(v) = -3*l(v) + 16*q(v). Let r be d(5). Suppose 2*o + r = -2. Let m(h) = -10*h**2. What is m(o)?
-10
Suppose 0 = -5*c - 3*q + 49, -47 = -4*c - 2*q - 3*q. Let f = 19 + c. Suppose -61*o = -64*o + f. Let t(l) = l**2 - 8*l - 9. Give t(o).
0
Let v(w) = -w**2 - 3*w - 5. Let p = -50 - -50. Let d(j) = j**2 - 6*j - 4. Let u be d(p). What is v(u)?
-9
Let v(m) be the third derivative of -m**4/6 - 5*m**3/3 - m**2. Let t(b) = 953*b - 16194. Let i be t(17). Calculate v(i).
-38
Let c(a) be the first derivative of -a**2/2 + 32*a - 599. What is c(10)?
22
Let p(f) = f**2 + 2*f - 15. Let z(r) = -3*r**2 - 27*r - 53. Let m be z(-5). Give p(m).
48
Let q(l) = -l - 2. Let u(i) = 1. Let n(x) = -4*q(x) - 10*u(x). Let f(z) = z**3 - 9*z**2 - 9*z - 9. Let k be f(10). Suppose 7*p - k = -22. Give n(p).
-14
Suppose 0 = -4*v - 2*q - 3*q + 12, 4*v - 44 = 3*q. Let j(h) = 3*h + 15 - 7 + v - 2*h. Calculate j(-7).
9
Let l(i) = 33*i + 29. Let g be (0 + -1)/((-27)/(-41 - -14)). What is l(g)?
-4
Let z(d) = -7*d + 17. Suppose -455*k - 72 = -464*k. Calculate z(k).
-39
Let p(d) be the first derivative of d**4/4 + 2*d**3 - 7*d**2/2 - 9*d - 399. Suppose u = -u - 12. Calculate p(u).
33
Let q(f) = 193*f - 2519. Let w be q(13). Let u(k) = -k**3 - 15*k**2 - 49*k + 3. What is u(w)?
-7
Suppose -2*f + 10 = 0, -98*i + 93*i + f - 45 = 0. Let n(b) be the first derivative of -1/3*b**3 - 9/2*b**2 - 2 - 12*b. Give n(i).
-4
Let d(l) be the second derivative of 3/2*l**2 + 0 - 5*l - 2/3*l**3. Suppose -6*t + 102 = 28*t. Calculate d(t).
-9
Let z(y) = y**3 + 5*y**2 - y. Suppose -3*i = 1019 - 107. Let v = i + 299. Determine z(v).
5
Let g(k) be the second derivative of -2*k + 2*k**2 - 30 - 1/6*k**3. What is g(8)?
-4
Let f(g) = -g**3 - 2*g**2 - 2*g + 1. Let q = -851 + 839. Let c(y) = -2*y**2 + 12 + 5*y**2 + 14*y + 10 - 2*y**2. Let b be c(q). Calculate f(b).
5
Suppose 2*m = -4*o - 42, 4*o = 3*m + 156 - 183. Let q(p) be the third derivative of p**5/15 - p**4/24 - p**3/6 - 2*p**2. What is q(m)?
38
Let x(k) = -3*k**2 - 17*k + 7. Suppose 30*n + 100 = -83 - 57. Give x(n).
-49
Let j(f) be the third derivative of f**5/30 + 17*f**4/24 + 9*f**3/2 + 455*f**2 + 2*f. Determine j(-8).
19
Let l(n) be the second derivative of n**6/120 - n**5/30 - n**4/8 - 73*n**2/2 + 52*n - 1. Let z(h) be the first derivative of l(h). Give z(3).
0
Let x(q) = 72*q**2 + 24*q - 8. Let u(g) = -19*g**2 - 5*g + 2. Let w(b) = -9*u(b) - 2*x(b). Calculate w(-1).
28
Let k(r) be the second derivative of 5*r**3/6 + 15*r**2/2 + 6*r - 33. Give k(-1).
10
Let z(a) = 26*a**2 - 13*a**2 - 20*a**2 - 50*a + 11*a**2 + 19. Determine z(12).
-5
Let x(v) = -420*v + 112. Let f(c) = 332*c - 111. Let u(w) = 5*f(w) + 4*x(w). Give u(-4).
-27
Let l be (110/(-20))/(2/4). Let o(h) = h**2 + 19*h + 99. What is o(l)?
11
Let i(z) = z + 24. Let m be i(-16). Suppose 6 = -4*q + 5*g, 2*q + m*g = 4*g + 10. Let k(t) = -t. What is k(q)?
-1
Let o(m) be the second derivative of m**4/12 + 5*m**3/6 - m**2/2 - 42390*m. Let g(z) = -2*z**3 + 2*z**2 + 2. Let n be g(2). Calculate o(n).
5
Let i(u) be the second derivative of -u**5/10 - u**4/12 + 3*u**3/2 + 8*u**2 - 8867*u. Calculate i(-2).
10
Suppose 0 = -y + 3*y - 30. Suppose 0 = -q - 4*q + y. Let l(b) = 1 - 5 + 2*b**2 - 744*b + 368*b + 374*b. Calculate l(q).
8
Let h = 29072 - 29081. Let g(a) = -a**2 - 34*a - 215. Give g(h).
10
Let s(t) = -9*t + 37. Let p(v) = -5*v + 19. Let n(h) = -7*p(h) + 4*s(h). Suppose 4*y = -11 + 39. Calculate n(y).
8
Let w be (30/35)/(2/7). Let v(m) be the third derivative of -m**5/30 + m**4/4 - m**3/3 - 70*m**2. Calculate v(w).
-2
Suppose -b = 2*k - 9, 3*k + 15*b = 12*b + 15. Let v(p) be the first derivative of p**4/4 - p**3 + 3*p**2/2 + 3*p + 6. Give v(k).
31
Let y(m) = 28*m**3 + 70*m**2 - 109*m - 30. Let k(r) = 5*r**3 + 14*r**2 - 22*r - 6. Let u(c) = 11*k(c) - 2*y(c). Give u(12).
-6
Let a be (((-1372)/12)/(-7))/((-1)/6). Let r = a - -118. Suppose -o + r*o = -76. Let s(l) = 3*l + 2. Calculate s(o).
-10
Let j be -30*6/240*-4. Let s(z) = z - 5 - j + z + 14 + z. What is s(-4)?
-6
Let y(t) = -380*t - 376*t - 377*t + 2 + 1514*t - 4*t**2 - 382*t + 2*t**3. Let j(i) = -i**3 - i. Let q = -3 + 4. Let s(h) = q*j(h) + y(h). What is s(5)?
17
Let v = 23717 + -47431/2. Let m(n) be the second derivative of 0 - 2/3*n**3 - v*n**2 - 42*n. Give m(-2).
5
Let n(h) = h**2 - 6*h + 2. Let g be (-2 + 7/(-4))/(6/(-16)). Let m = 15 - g. Give n(m).
-3
Let w(r) = -8*r**2 + r - 1. Suppose -4*a + 2280 = 6*a. Let g be (-6)/5 - a/285. Determine w(g).
-35
Let z(h) be the third derivative of 0*h - 5*h**2 - 2/3*h**4 + 1/60*h**5 - 3/2*h**3 + 1. What is z(16)?
-9
Suppose -5*c = 2*u + 28, -c + 3*u = -4*c - 15. Let m(r) be the second derivative of -r**5/20 - 7*r**4/12 - 7*r**3/6 - r**2/2 - 6242*r. Determine m(c).
5
Let b(j) = -31*j**2 + j + 18. Let v(i) = 83*i**2 - 7*i - 47. Let a(m) = 8*b(m) + 3*v(m). Suppose 0*t + 42 = 3*t. Calculate a(t).
17
Let w(a) = 7*a + 4. Let c(d) = 7*d + 3. Let g(q) = 5*c(q) - 4*w(q). Suppose 50 - 24 = -13*b. Calculate g(b).
-15
Let c(v) = -154*v + 291*v + 4 - 142*v - v**3 + 5*v**2. Let r = 433 + -429. Give c(r).
0
Suppose 0 = -w + 6, 56*w = -4*t + 51*w + 2. Let f(b) = b**3 + 6*b**2 - 3*b + 14. Calculate f(t).
-14
Let z(k) = k - 1. Let x(f) be the first derivative of -f**3/3 - 4*f**2 + 13*f - 2. Let u be x(-9). Suppose 4 = 4*c, -5*v + 11 = -u